{"id":4696,"date":"2025-11-20T03:16:30","date_gmt":"2025-11-20T03:16:30","guid":{"rendered":"https:\/\/tecnoairesistemas.com\/repuestos-de-gas-cocina-refrigeracion-costa-rica\/?post_type=product&#038;p=4696"},"modified":"2025-11-20T03:20:57","modified_gmt":"2025-11-20T03:20:57","slug":"tarjeta-pcb-assy-std-timer-hobart-costa-rica","status":"publish","type":"product","link":"https:\/\/tecnoairesistemas.com\/repuestos-de-gas-cocina-refrigeracion-costa-rica\/catalogo\/tarjeta-pcb-assy-std-timer-hobart-costa-rica\/","title":{"rendered":"Tarjeta PCB Assy STD Timer Hobart"},"content":{"rendered":"<h3 data-start=\"185\" data-end=\"240\"><strong data-start=\"189\" data-end=\"240\">Tarjeta PCB Assy STD Timer Hobart OEM 00-937806<\/strong><\/h3>\n<p data-start=\"242\" data-end=\"557\">Mant\u00e9n tu equipo Hobart funcionando con precisi\u00f3n y confiabilidad con la <strong data-start=\"315\" data-end=\"368\">Tarjeta PCB Assy STD Timer original OEM 00-937806<\/strong>. Esta tarjeta electr\u00f3nica controla el temporizador y las funciones de operaci\u00f3n del equipo, asegurando ciclos exactos y un rendimiento estable durante el uso diario en cocinas comerciales.<\/p>\n<p data-start=\"559\" data-end=\"593\"><strong data-start=\"559\" data-end=\"591\">Caracter\u00edsticas principales:<\/strong><\/p>\n<ul data-start=\"594\" data-end=\"964\">\n<li data-start=\"594\" data-end=\"631\">\n<p data-start=\"596\" data-end=\"631\">\ud83d\udd27 <strong data-start=\"599\" data-end=\"619\">N\u00famero de parte:<\/strong> 00-937806<\/p>\n<\/li>\n<li data-start=\"632\" data-end=\"710\">\n<p data-start=\"634\" data-end=\"710\">\u2699\ufe0f <strong data-start=\"637\" data-end=\"646\">Tipo:<\/strong> Tarjeta electr\u00f3nica PCB \u2013 M\u00f3dulo de temporizador (OEM Hobart)<\/p>\n<\/li>\n<li data-start=\"711\" data-end=\"789\">\n<p data-start=\"713\" data-end=\"789\">\ud83e\udde9 <strong data-start=\"716\" data-end=\"735\">Compatibilidad:<\/strong> Dise\u00f1ada para modelos espec\u00edficos de equipos Hobart<\/p>\n<\/li>\n<li data-start=\"790\" data-end=\"883\">\n<p data-start=\"792\" data-end=\"883\">\ud83d\udd0c <strong data-start=\"795\" data-end=\"807\">Funci\u00f3n:<\/strong> Controla los tiempos de operaci\u00f3n y gestiona se\u00f1ales internas del sistema<\/p>\n<\/li>\n<li data-start=\"884\" data-end=\"964\">\n<p data-start=\"886\" data-end=\"964\">\ud83d\udcaa <strong data-start=\"889\" data-end=\"901\">Calidad:<\/strong> Repuesto original con fabricaci\u00f3n robusta y alta durabilidad<\/p>\n<\/li>\n<\/ul>\n<p data-start=\"966\" data-end=\"983\"><strong data-start=\"966\" data-end=\"981\">Beneficios:<\/strong><\/p>\n<ul data-start=\"984\" data-end=\"1215\">\n<li data-start=\"984\" data-end=\"1035\">\n<p data-start=\"986\" data-end=\"1035\">Garantiza ciclos de tiempo precisos y uniformes<\/p>\n<\/li>\n<li data-start=\"1036\" data-end=\"1096\">\n<p data-start=\"1038\" data-end=\"1096\">Reduce fallas electr\u00f3nicas y problemas de sincronizaci\u00f3n<\/p>\n<\/li>\n<li data-start=\"1097\" data-end=\"1159\">\n<p data-start=\"1099\" data-end=\"1159\">Asegura un funcionamiento eficiente y confiable del equipo<\/p>\n<\/li>\n<li data-start=\"1160\" data-end=\"1215\">\n<p data-start=\"1162\" data-end=\"1215\">Instalaci\u00f3n sencilla y reemplazo directo al ser OEM<\/p>\n<\/li>\n<\/ul>\n<p data-start=\"1217\" data-end=\"1353\"><strong data-start=\"1217\" data-end=\"1246\">Env\u00edos y soporte t\u00e9cnico:<\/strong><br data-start=\"1246\" data-end=\"1249\" \/>\ud83d\udce6 Env\u00edos r\u00e1pidos a todo Costa Rica<br data-start=\"1284\" data-end=\"1287\" \/>\ud83d\udee0\ufe0f Brindamos asesor\u00eda t\u00e9cnica para compatibilidad e instalaci\u00f3n<\/p>\n<p data-start=\"1171\" data-end=\"1309\">\n<div class=\"occasional\">\n<h5><b>C\u00f3digo Tecno Aire Sistemas: 048-7806<\/b><\/h5>\n<p>&nbsp;<\/p>\n<\/div>\n<div class=\"occasional\">\n<h5><b>C\u00f3digo Fabricante OEM: <\/b><strong data-start=\"189\" data-end=\"240\">00-937806<\/strong><\/h5>\n<h5 style=\"font-style: normal;\"><\/h5>\n<h5><b>Disponibilidad:\u00a0<\/b><u>A Confirmar Stock<\/u><\/h5>\n<\/div>\n","protected":false},"excerpt":{"rendered":"<div class=\"occasional\">\n<div class=\"occasional\">\n<div class=\"occasional\">\n<div class=\"occasional\">\n<div class=\"occasional\">\n<div class=\"occasional\">\n<div class=\"occasional\">\n<div class=\"occasional\">\n<div class=\"occasional\">\n<div class=\"occasional\">\n<div class=\"occasional\">\n<div class=\"occasional\">\n<div class=\"occasional\">\n<h5><b>C\u00f3digo Tecno Aire Sistemas: 048-7806<\/b><\/h5>\n<p>&nbsp;<\/p>\n<\/div>\n<div class=\"occasional\">\n<h5><b>C\u00f3digo Fabricante OEM: <\/b><strong data-start=\"189\" data-end=\"240\">00-937806<\/strong><\/h5>\n<h5 style=\"font-style: normal;\"><\/h5>\n<h5><b>Disponibilidad:\u00a0<\/b><u>A Confirmar Stock<\/u><\/h5>\n<\/div>\n<\/div>\n<\/div>\n<\/div>\n<\/div>\n<\/div>\n<\/div>\n<\/div>\n<\/div>\n<\/div>\n<\/div>\n<\/div>\n<\/div>\n","protected":false},"featured_media":4697,"comment_status":"open","ping_status":"closed","template":"","meta":{"om_disable_all_campaigns":false,"_mi_skip_tracking":false,"_monsterinsights_sitenote_active":false,"_monsterinsights_sitenote_note":"","_monsterinsights_sitenote_category":0,"site-sidebar-layout":"default","site-content-layout":"default","ast-global-header-display":"","ast-banner-title-visibility":"","ast-main-header-display":"","ast-hfb-above-header-display":"","ast-hfb-below-header-display":"","ast-hfb-mobile-header-display":"","site-post-title":"","ast-breadcrumbs-content":"","ast-featured-img":"","footer-sml-layout":"","theme-transparent-header-meta":"default","adv-header-id-meta":"","stick-header-meta":"","header-above-stick-meta":"","header-main-stick-meta":"","header-below-stick-meta":"","_joinchat":[]},"product_cat":[44],"product_tag":[490],"class_list":{"0":"post-4696","1":"product","2":"type-product","3":"status-publish","4":"has-post-thumbnail","6":"product_cat-repuestos-hobart-costa-rica","7":"product_tag-hobart","8":"desktop-align-left","9":"tablet-align-left","10":"mobile-align-left","12":"first","13":"instock","14":"shipping-taxable","15":"product-type-simple"},"yoast_head":"<!-- This site is optimized with the Yoast SEO plugin v24.1 - https:\/\/yoast.com\/wordpress\/plugins\/seo\/ -->\n<title>Tarjeta PCB Assy STD Timer Hobart - Repuestos de Gas - Cocina - Refrigeraci\u00f3n - Lavander\u00eda Costa Rica<\/title>\n<meta name=\"description\" content=\"Tarjeta PCB Assy STD Timer Hobart OEM 00-937806Mant\u00e9n tu equipo Hobart funcionando con precisi\u00f3n y confiabilidad con la Tarjeta PCB Assy STD Timer original OEM 00-937806. Esta tarjeta electr\u00f3nica controla el temporizador y las funciones de operaci\u00f3n del equipo, asegurando ciclos exactos y un rendimiento estable durante el uso diario en cocinas comerciales.\" \/>\n<meta name=\"robots\" content=\"index, follow, max-snippet:-1, max-image-preview:large, max-video-preview:-1\" \/>\n<link rel=\"canonical\" href=\"https:\/\/tecnoairesistemas.com\/repuestos-de-gas-cocina-refrigeracion-costa-rica\/catalogo\/tarjeta-pcb-assy-std-timer-hobart-costa-rica\/\" \/>\n<meta property=\"og:locale\" content=\"es_ES\" \/>\n<meta property=\"og:type\" content=\"article\" \/>\n<meta property=\"og:title\" content=\"Tarjeta PCB Assy STD Timer Hobart - Repuestos de Gas - Cocina - Refrigeraci\u00f3n - Lavander\u00eda Costa Rica\" \/>\n<meta property=\"og:description\" content=\"Tarjeta PCB Assy STD Timer Hobart OEM 00-937806Mant\u00e9n tu equipo Hobart funcionando con precisi\u00f3n y confiabilidad con la Tarjeta PCB Assy STD Timer original OEM 00-937806. Esta tarjeta electr\u00f3nica controla el temporizador y las funciones de operaci\u00f3n del equipo, asegurando ciclos exactos y un rendimiento estable durante el uso diario en cocinas comerciales.\" \/>\n<meta property=\"og:url\" content=\"https:\/\/tecnoairesistemas.com\/repuestos-de-gas-cocina-refrigeracion-costa-rica\/catalogo\/tarjeta-pcb-assy-std-timer-hobart-costa-rica\/\" \/>\n<meta property=\"og:site_name\" content=\"Repuestos de Gas - Cocina - Refrigeraci\u00f3n - Lavander\u00eda Costa Rica\" \/>\n<meta property=\"article:modified_time\" content=\"2025-11-20T03:20:57+00:00\" \/>\n<meta property=\"og:image\" content=\"https:\/\/tecnoairesistemas.com\/repuestos-de-gas-cocina-refrigeracion-costa-rica\/wp-content\/uploads\/2025\/11\/2803988.webp\" \/>\n\t<meta property=\"og:image:width\" content=\"600\" \/>\n\t<meta property=\"og:image:height\" content=\"600\" \/>\n\t<meta property=\"og:image:type\" content=\"image\/webp\" \/>\n<meta name=\"twitter:card\" content=\"summary_large_image\" \/>\n<meta name=\"twitter:label1\" content=\"Tiempo de lectura\" \/>\n\t<meta name=\"twitter:data1\" content=\"1 minuto\" \/>\n<script type=\"application\/ld+json\" class=\"yoast-schema-graph\">{\"@context\":\"https:\/\/schema.org\",\"@graph\":[{\"@type\":\"WebPage\",\"@id\":\"https:\/\/tecnoairesistemas.com\/repuestos-de-gas-cocina-refrigeracion-costa-rica\/catalogo\/tarjeta-pcb-assy-std-timer-hobart-costa-rica\/\",\"url\":\"https:\/\/tecnoairesistemas.com\/repuestos-de-gas-cocina-refrigeracion-costa-rica\/catalogo\/tarjeta-pcb-assy-std-timer-hobart-costa-rica\/\",\"name\":\"Tarjeta PCB Assy STD Timer Hobart - Repuestos de Gas - Cocina - Refrigeraci\u00f3n - Lavander\u00eda Costa Rica\",\"isPartOf\":{\"@id\":\"https:\/\/tecnoairesistemas.com\/repuestos-de-gas-cocina-refrigeracion-costa-rica\/#website\"},\"primaryImageOfPage\":{\"@id\":\"https:\/\/tecnoairesistemas.com\/repuestos-de-gas-cocina-refrigeracion-costa-rica\/catalogo\/tarjeta-pcb-assy-std-timer-hobart-costa-rica\/#primaryimage\"},\"image\":{\"@id\":\"https:\/\/tecnoairesistemas.com\/repuestos-de-gas-cocina-refrigeracion-costa-rica\/catalogo\/tarjeta-pcb-assy-std-timer-hobart-costa-rica\/#primaryimage\"},\"thumbnailUrl\":\"https:\/\/tecnoairesistemas.com\/repuestos-de-gas-cocina-refrigeracion-costa-rica\/wp-content\/uploads\/2025\/11\/2803988.webp\",\"datePublished\":\"2025-11-20T03:16:30+00:00\",\"dateModified\":\"2025-11-20T03:20:57+00:00\",\"description\":\"Tarjeta PCB Assy STD Timer Hobart OEM 00-937806Mant\u00e9n tu equipo Hobart funcionando con precisi\u00f3n y confiabilidad con la Tarjeta PCB Assy STD Timer original OEM 00-937806. Esta tarjeta electr\u00f3nica controla el temporizador y las funciones de operaci\u00f3n del equipo, asegurando ciclos exactos y un rendimiento estable durante el uso diario en cocinas comerciales.\",\"breadcrumb\":{\"@id\":\"https:\/\/tecnoairesistemas.com\/repuestos-de-gas-cocina-refrigeracion-costa-rica\/catalogo\/tarjeta-pcb-assy-std-timer-hobart-costa-rica\/#breadcrumb\"},\"inLanguage\":\"es\",\"potentialAction\":[{\"@type\":\"ReadAction\",\"target\":[\"https:\/\/tecnoairesistemas.com\/repuestos-de-gas-cocina-refrigeracion-costa-rica\/catalogo\/tarjeta-pcb-assy-std-timer-hobart-costa-rica\/\"]}]},{\"@type\":\"ImageObject\",\"inLanguage\":\"es\",\"@id\":\"https:\/\/tecnoairesistemas.com\/repuestos-de-gas-cocina-refrigeracion-costa-rica\/catalogo\/tarjeta-pcb-assy-std-timer-hobart-costa-rica\/#primaryimage\",\"url\":\"https:\/\/tecnoairesistemas.com\/repuestos-de-gas-cocina-refrigeracion-costa-rica\/wp-content\/uploads\/2025\/11\/2803988.webp\",\"contentUrl\":\"https:\/\/tecnoairesistemas.com\/repuestos-de-gas-cocina-refrigeracion-costa-rica\/wp-content\/uploads\/2025\/11\/2803988.webp\",\"width\":600,\"height\":600},{\"@type\":\"BreadcrumbList\",\"@id\":\"https:\/\/tecnoairesistemas.com\/repuestos-de-gas-cocina-refrigeracion-costa-rica\/catalogo\/tarjeta-pcb-assy-std-timer-hobart-costa-rica\/#breadcrumb\",\"itemListElement\":[{\"@type\":\"ListItem\",\"position\":1,\"name\":\"Portada\",\"item\":\"https:\/\/tecnoairesistemas.com\/repuestos-de-gas-cocina-refrigeracion-costa-rica\/\"},{\"@type\":\"ListItem\",\"position\":2,\"name\":\"Cat\u00e1logo de Equipos y Repuestos\",\"item\":\"https:\/\/tecnoairesistemas.com\/repuestos-de-gas-cocina-refrigeracion-costa-rica\/catalogo-de-equipos-y-repuestos\/\"},{\"@type\":\"ListItem\",\"position\":3,\"name\":\"Tarjeta PCB Assy STD Timer Hobart\"}]},{\"@type\":\"WebSite\",\"@id\":\"https:\/\/tecnoairesistemas.com\/repuestos-de-gas-cocina-refrigeracion-costa-rica\/#website\",\"url\":\"https:\/\/tecnoairesistemas.com\/repuestos-de-gas-cocina-refrigeracion-costa-rica\/\",\"name\":\"Repuestos de Gas - Cocina - Refrigeraci\u00f3n - Lavander\u00eda Costa Rica\",\"description\":\"Repuestos de Gas - Cocina - Refrigeraci\u00f3n - Lavander\u00eda Costa Rica\",\"publisher\":{\"@id\":\"https:\/\/tecnoairesistemas.com\/repuestos-de-gas-cocina-refrigeracion-costa-rica\/#organization\"},\"potentialAction\":[{\"@type\":\"SearchAction\",\"target\":{\"@type\":\"EntryPoint\",\"urlTemplate\":\"https:\/\/tecnoairesistemas.com\/repuestos-de-gas-cocina-refrigeracion-costa-rica\/?s={search_term_string}\"},\"query-input\":{\"@type\":\"PropertyValueSpecification\",\"valueRequired\":true,\"valueName\":\"search_term_string\"}}],\"inLanguage\":\"es\"},{\"@type\":\"Organization\",\"@id\":\"https:\/\/tecnoairesistemas.com\/repuestos-de-gas-cocina-refrigeracion-costa-rica\/#organization\",\"name\":\"Repuestos de Gas - Cocina - Refrigeraci\u00f3n - Lavander\u00eda Costa Rica\",\"url\":\"https:\/\/tecnoairesistemas.com\/repuestos-de-gas-cocina-refrigeracion-costa-rica\/\",\"logo\":{\"@type\":\"ImageObject\",\"inLanguage\":\"es\",\"@id\":\"https:\/\/tecnoairesistemas.com\/repuestos-de-gas-cocina-refrigeracion-costa-rica\/#\/schema\/logo\/image\/\",\"url\":\"https:\/\/tecnoairesistemas.com\/repuestos-de-gas-cocina-refrigeracion-costa-rica\/wp-content\/uploads\/2021\/11\/logo-sin-fondo.png\",\"contentUrl\":\"https:\/\/tecnoairesistemas.com\/repuestos-de-gas-cocina-refrigeracion-costa-rica\/wp-content\/uploads\/2021\/11\/logo-sin-fondo.png\",\"width\":960,\"height\":960,\"caption\":\"Repuestos de Gas - Cocina - Refrigeraci\u00f3n - Lavander\u00eda Costa Rica\"},\"image\":{\"@id\":\"https:\/\/tecnoairesistemas.com\/repuestos-de-gas-cocina-refrigeracion-costa-rica\/#\/schema\/logo\/image\/\"}}]}<\/script>\n<!-- \/ Yoast SEO plugin. -->","yoast_head_json":{"title":"Tarjeta PCB Assy STD Timer Hobart - Repuestos de Gas - Cocina - Refrigeraci\u00f3n - Lavander\u00eda Costa Rica","description":"Tarjeta PCB Assy STD Timer Hobart OEM 00-937806Mant\u00e9n tu equipo Hobart funcionando con precisi\u00f3n y confiabilidad con la Tarjeta PCB Assy STD Timer original OEM 00-937806. Esta tarjeta electr\u00f3nica controla el temporizador y las funciones de operaci\u00f3n del equipo, asegurando ciclos exactos y un rendimiento estable durante el uso diario en cocinas comerciales.","robots":{"index":"index","follow":"follow","max-snippet":"max-snippet:-1","max-image-preview":"max-image-preview:large","max-video-preview":"max-video-preview:-1"},"canonical":"https:\/\/tecnoairesistemas.com\/repuestos-de-gas-cocina-refrigeracion-costa-rica\/catalogo\/tarjeta-pcb-assy-std-timer-hobart-costa-rica\/","og_locale":"es_ES","og_type":"article","og_title":"Tarjeta PCB Assy STD Timer Hobart - Repuestos de Gas - Cocina - Refrigeraci\u00f3n - Lavander\u00eda Costa Rica","og_description":"Tarjeta PCB Assy STD Timer Hobart OEM 00-937806Mant\u00e9n tu equipo Hobart funcionando con precisi\u00f3n y confiabilidad con la Tarjeta PCB Assy STD Timer original OEM 00-937806. Esta tarjeta electr\u00f3nica controla el temporizador y las funciones de operaci\u00f3n del equipo, asegurando ciclos exactos y un rendimiento estable durante el uso diario en cocinas comerciales.","og_url":"https:\/\/tecnoairesistemas.com\/repuestos-de-gas-cocina-refrigeracion-costa-rica\/catalogo\/tarjeta-pcb-assy-std-timer-hobart-costa-rica\/","og_site_name":"Repuestos de Gas - Cocina - Refrigeraci\u00f3n - Lavander\u00eda Costa Rica","article_modified_time":"2025-11-20T03:20:57+00:00","og_image":[{"width":600,"height":600,"url":"https:\/\/tecnoairesistemas.com\/repuestos-de-gas-cocina-refrigeracion-costa-rica\/wp-content\/uploads\/2025\/11\/2803988.webp","type":"image\/webp"}],"twitter_card":"summary_large_image","twitter_misc":{"Tiempo de lectura":"1 minuto"},"schema":{"@context":"https:\/\/schema.org","@graph":[{"@type":"WebPage","@id":"https:\/\/tecnoairesistemas.com\/repuestos-de-gas-cocina-refrigeracion-costa-rica\/catalogo\/tarjeta-pcb-assy-std-timer-hobart-costa-rica\/","url":"https:\/\/tecnoairesistemas.com\/repuestos-de-gas-cocina-refrigeracion-costa-rica\/catalogo\/tarjeta-pcb-assy-std-timer-hobart-costa-rica\/","name":"Tarjeta PCB Assy STD Timer Hobart - Repuestos de Gas - Cocina - Refrigeraci\u00f3n - Lavander\u00eda Costa Rica","isPartOf":{"@id":"https:\/\/tecnoairesistemas.com\/repuestos-de-gas-cocina-refrigeracion-costa-rica\/#website"},"primaryImageOfPage":{"@id":"https:\/\/tecnoairesistemas.com\/repuestos-de-gas-cocina-refrigeracion-costa-rica\/catalogo\/tarjeta-pcb-assy-std-timer-hobart-costa-rica\/#primaryimage"},"image":{"@id":"https:\/\/tecnoairesistemas.com\/repuestos-de-gas-cocina-refrigeracion-costa-rica\/catalogo\/tarjeta-pcb-assy-std-timer-hobart-costa-rica\/#primaryimage"},"thumbnailUrl":"https:\/\/tecnoairesistemas.com\/repuestos-de-gas-cocina-refrigeracion-costa-rica\/wp-content\/uploads\/2025\/11\/2803988.webp","datePublished":"2025-11-20T03:16:30+00:00","dateModified":"2025-11-20T03:20:57+00:00","description":"Tarjeta PCB Assy STD Timer Hobart OEM 00-937806Mant\u00e9n tu equipo Hobart funcionando con precisi\u00f3n y confiabilidad con la Tarjeta PCB Assy STD Timer original OEM 00-937806. Esta tarjeta electr\u00f3nica controla el temporizador y las funciones de operaci\u00f3n del equipo, asegurando ciclos exactos y un rendimiento estable durante el uso diario en cocinas comerciales.","breadcrumb":{"@id":"https:\/\/tecnoairesistemas.com\/repuestos-de-gas-cocina-refrigeracion-costa-rica\/catalogo\/tarjeta-pcb-assy-std-timer-hobart-costa-rica\/#breadcrumb"},"inLanguage":"es","potentialAction":[{"@type":"ReadAction","target":["https:\/\/tecnoairesistemas.com\/repuestos-de-gas-cocina-refrigeracion-costa-rica\/catalogo\/tarjeta-pcb-assy-std-timer-hobart-costa-rica\/"]}]},{"@type":"ImageObject","inLanguage":"es","@id":"https:\/\/tecnoairesistemas.com\/repuestos-de-gas-cocina-refrigeracion-costa-rica\/catalogo\/tarjeta-pcb-assy-std-timer-hobart-costa-rica\/#primaryimage","url":"https:\/\/tecnoairesistemas.com\/repuestos-de-gas-cocina-refrigeracion-costa-rica\/wp-content\/uploads\/2025\/11\/2803988.webp","contentUrl":"https:\/\/tecnoairesistemas.com\/repuestos-de-gas-cocina-refrigeracion-costa-rica\/wp-content\/uploads\/2025\/11\/2803988.webp","width":600,"height":600},{"@type":"BreadcrumbList","@id":"https:\/\/tecnoairesistemas.com\/repuestos-de-gas-cocina-refrigeracion-costa-rica\/catalogo\/tarjeta-pcb-assy-std-timer-hobart-costa-rica\/#breadcrumb","itemListElement":[{"@type":"ListItem","position":1,"name":"Portada","item":"https:\/\/tecnoairesistemas.com\/repuestos-de-gas-cocina-refrigeracion-costa-rica\/"},{"@type":"ListItem","position":2,"name":"Cat\u00e1logo de Equipos y Repuestos","item":"https:\/\/tecnoairesistemas.com\/repuestos-de-gas-cocina-refrigeracion-costa-rica\/catalogo-de-equipos-y-repuestos\/"},{"@type":"ListItem","position":3,"name":"Tarjeta PCB Assy STD Timer Hobart"}]},{"@type":"WebSite","@id":"https:\/\/tecnoairesistemas.com\/repuestos-de-gas-cocina-refrigeracion-costa-rica\/#website","url":"https:\/\/tecnoairesistemas.com\/repuestos-de-gas-cocina-refrigeracion-costa-rica\/","name":"Repuestos de Gas - Cocina - Refrigeraci\u00f3n - Lavander\u00eda Costa Rica","description":"Repuestos de Gas - Cocina - Refrigeraci\u00f3n - Lavander\u00eda Costa Rica","publisher":{"@id":"https:\/\/tecnoairesistemas.com\/repuestos-de-gas-cocina-refrigeracion-costa-rica\/#organization"},"potentialAction":[{"@type":"SearchAction","target":{"@type":"EntryPoint","urlTemplate":"https:\/\/tecnoairesistemas.com\/repuestos-de-gas-cocina-refrigeracion-costa-rica\/?s={search_term_string}"},"query-input":{"@type":"PropertyValueSpecification","valueRequired":true,"valueName":"search_term_string"}}],"inLanguage":"es"},{"@type":"Organization","@id":"https:\/\/tecnoairesistemas.com\/repuestos-de-gas-cocina-refrigeracion-costa-rica\/#organization","name":"Repuestos de Gas - Cocina - Refrigeraci\u00f3n - Lavander\u00eda Costa Rica","url":"https:\/\/tecnoairesistemas.com\/repuestos-de-gas-cocina-refrigeracion-costa-rica\/","logo":{"@type":"ImageObject","inLanguage":"es","@id":"https:\/\/tecnoairesistemas.com\/repuestos-de-gas-cocina-refrigeracion-costa-rica\/#\/schema\/logo\/image\/","url":"https:\/\/tecnoairesistemas.com\/repuestos-de-gas-cocina-refrigeracion-costa-rica\/wp-content\/uploads\/2021\/11\/logo-sin-fondo.png","contentUrl":"https:\/\/tecnoairesistemas.com\/repuestos-de-gas-cocina-refrigeracion-costa-rica\/wp-content\/uploads\/2021\/11\/logo-sin-fondo.png","width":960,"height":960,"caption":"Repuestos de Gas - Cocina - Refrigeraci\u00f3n - Lavander\u00eda Costa Rica"},"image":{"@id":"https:\/\/tecnoairesistemas.com\/repuestos-de-gas-cocina-refrigeracion-costa-rica\/#\/schema\/logo\/image\/"}}]}},"jetpack_sharing_enabled":true,"_links":{"self":[{"href":"https:\/\/tecnoairesistemas.com\/repuestos-de-gas-cocina-refrigeracion-costa-rica\/wp-json\/wp\/v2\/product\/4696","targetHints":{"allow":["GET"]}}],"collection":[{"href":"https:\/\/tecnoairesistemas.com\/repuestos-de-gas-cocina-refrigeracion-costa-rica\/wp-json\/wp\/v2\/product"}],"about":[{"href":"https:\/\/tecnoairesistemas.com\/repuestos-de-gas-cocina-refrigeracion-costa-rica\/wp-json\/wp\/v2\/types\/product"}],"replies":[{"embeddable":true,"href":"https:\/\/tecnoairesistemas.com\/repuestos-de-gas-cocina-refrigeracion-costa-rica\/wp-json\/wp\/v2\/comments?post=4696"}],"wp:featuredmedia":[{"embeddable":true,"href":"https:\/\/tecnoairesistemas.com\/repuestos-de-gas-cocina-refrigeracion-costa-rica\/wp-json\/wp\/v2\/media\/4697"}],"wp:attachment":[{"href":"https:\/\/tecnoairesistemas.com\/repuestos-de-gas-cocina-refrigeracion-costa-rica\/wp-json\/wp\/v2\/media?parent=4696"}],"wp:term":[{"taxonomy":"product_cat","embeddable":true,"href":"https:\/\/tecnoairesistemas.com\/repuestos-de-gas-cocina-refrigeracion-costa-rica\/wp-json\/wp\/v2\/product_cat?post=4696"},{"taxonomy":"product_tag","embeddable":true,"href":"https:\/\/tecnoairesistemas.com\/repuestos-de-gas-cocina-refrigeracion-costa-rica\/wp-json\/wp\/v2\/product_tag?post=4696"}],"curies":[{"name":"wp","href":"https:\/\/api.w.org\/{rel}","templated":true}]}}